 greatest common factor of o and j.
18
Suppose 0*x - 4*x = -20. Let v(l) = 0 + x*l + 0 + 1. Let n be v(4). Calculate the highest common factor of 7 and n.
7
Let z(u) = u**3 - 4*u**2 + 4*u + 5. Let w be z(4). Suppose -3*o - c = -191, -3*o + 125 + 70 = 3*c. What is the greatest common divisor of o and w?
21
Let a(w) = -2*w - 9. Let h = -27 - -10. Let i be a(h). Calculate the greatest common factor of 10 and i.
5
Let j(x) = -45*x - 2. Let d(n) = -n**3 - 4*n**2 + 2*n + 6. Let z be d(-4). Let i be z/5 - 24/15. Let o be j(i). Calculate the greatest common factor of 8 and o.
8
Let q = -8 - -2. Let v = 4 - q. Suppose 4*c - 2 = -a + 1, c - 4*a = 22. What is the highest common factor of v and c?
2
Suppose -3*w - 4*v = 2*w + 653, 5*w = -5*v - 650. Let u be (-3 - w)*3/3. Calculate the greatest common divisor of 13 and u.
13
Let j be (-48)/((-2)/(-3)*(-15)/10). Calculate the greatest common divisor of 12 and j.
12
Suppose -2*i = -4*i + 48. What is the greatest common divisor of 3 and i?
3
Let x = 80 + -35. Let g(z) = 6*z. Let h(w) = -w**3 + 13*w**2 - w + 18. Let m be h(13). Let j be g(m). What is the greatest common factor of x and j?
15
Suppose -4*g = g - 30. What is the greatest common divisor of 48 and g?
6
Let d be 2 - 0 - (0 - 1). Suppose 12 = -2*h - 4*i, -h + 2*i + 6 = h. Let n be 3 + (-195)/(h - d). Calculate the greatest common divisor of n and 17.
17
Let k be ((-21)/(-14))/(2/68). Calculate the greatest common factor of k and 17.
17
Let u be -1*(-5)/((-5)/(-3)). Suppose -6 = 3*o - u. Let a be 2*o*(-4 + 3). What is the greatest common factor of a and 4?
2
Suppose 7*r - 2*g - 98 = 2*r, -3*r = -3*g - 57. Suppose 7 = -9*c + 97. What is the highest common divisor of c and r?
10
Suppose 3*h = -5 + 14. Suppose -2*q - q - 3*b + 312 = 0, h*q - 2*b = 287. Calculate the greatest common factor of 11 and q.
11
Let s(r) = r**3 + 3*r**2 - 3*r - 6. Let m be s(-3). What is the highest common divisor of 12 and m?
3
Let y be (-7)/(-2) + 2/(-4). Calculate the highest common divisor of 6 and y.
3
Let j(u) = -u**3 - 3*u**2 - 2*u - 1. Let i be j(-2). Let s(n) = -9*n + 1. Let o be s(i). Suppose -3 + 1 = -a. Calculate the greatest common factor of a and o.
2
Let u(n) = -2*n**2 + 6*n + 6. Let a be u(5). Let l be (-2 - a/4)*28. What is the greatest common factor of l and 21?
21
Suppose 5*i + 0*i = 25. Suppose 2*t = 3*y - 100, -y = 7*t - 3*t + 172. Let p be t/(-1) - -1*1. What is the highest common factor of i and p?
5
Let a be ((-1 - -1) + 1)/(7/224). Calculate the highest common factor of 2 and a.
2
Let w be (31/(-4))/((-4)/48). Suppose w = 5*l - 3*j, -2*l - 2*j + 15 + 35 = 0. Calculate the highest common divisor of 189 and l.
21
Let q = 16 - 3. Suppose -1 = -r, -192 = -5*v - 3*r + 6*r. Calculate the highest common divisor of v and q.
13
Let u(v) = -v**2 + 10*v - 11. Let a be u(8). Suppose -5 = 5*p, a*p - 22 = -2*k - 9. Suppose -9 = -2*b + k. Calculate the highest common factor of 18 and b.
9
Suppose -3*r = 0, 13 = -5*q + 4*r + 63. Suppose 0 = d + 3*d - 360. What is the greatest common factor of d and q?
10
Suppose r + 18 = 7*d - 2*d, -d - 4 = -4*r. Suppose 8*l - 126 = r*l. Let p be (-2)/(-5) - (-33)/5. Calculate the highest common factor of p and l.
7
Let r(y) = -2*y + 3. Let h be r(2). Let z be (h + 4)*22/2. What is the greatest common divisor of 3 and z?
3
Let t(k) = -k**3 + 8*k**2 - 6*k - 6. Let n be t(6). Let q be (50/(-35))/(2/(-14)). Calculate the greatest common factor of q and n.
10
Let z = 9 + -5. Suppose 6 = -t + 3*t. Suppose -k = 1 + 1, 106 = t*j + k. What is the greatest common divisor of j and z?
4
Let z(a) = -6*a. Let c be z(-8). Calculate the highest common divisor of c and 6.
6
Let i = -14 - -29. Let h be (78/i)/((-1)/(-5)). What is the highest common factor of 39 and h?
13
Let a = 17 + 15. Calculate the greatest common divisor of 8 and a.
8
Let o = -102 + 127. Calculate the greatest common divisor of 225 and o.
25
Let r(x) be the third derivative of -7*x**4/24 + x**3/6 - 3*x**2. Let f be r(-5). What is the highest common factor of 12 and f?
12
Suppose -2*y - 18 + 52 = -4*n, 4*y + 5*n - 16 = 0. What is the highest common divisor of 99 and y?
9
Let j = 6 + -4. Calculate the highest common divisor of j and 14.
2
Let i = 52 + 23. Suppose 21 - i = -3*d. Suppose 3*l - 20 = 115. Calculate the greatest common divisor of d and l.
9
Suppose o - 1 = -4*y + 9, 4*y + 5*o - 2 = 0. Let p = -40 + 61. What is the highest common factor of p and y?
3
Suppose -6 = -2*w + 66. Calculate the highest common divisor of w and 4.
4
Suppose z - 6 = -z. Suppose -15 - 15 = -z*w. What is the greatest common divisor of w and 30?
10
Suppose -53 = -3*g + 2*g - 3*v, 3*v + 47 = g. Calculate the greatest common divisor of g and 10.
10
Let o = 14 + -7. Let p(v) = -v**3 + 4*v**2 - 3*v - 4. Let y be p(3). Let m be 10/14 + y/(-14). What is the highest common divisor of o and m?
1
Suppose -2*u - 6 = w - 85, 0 = w - u - 73. What is the greatest common divisor of 30 and w?
15
Let f be 4/6 + 217/21. Calculate the greatest common factor of 121 and f.
11
Let y be (-15)/(-2)*(-16)/(-24). Let s be 22/y*(0 + 5). Calculate the highest common factor of s and 55.
11
Let k(c) = 3*c + 3*c + 4 + c**2 + c + 0*c**2. Let d be k(-7). Calculate the highest common divisor of 16 and d.
4
Let g(h) = -2*h + 12. Suppose 0 = -3*f + 14 + 1. Suppose -5*o + 3*m - 56 = m, -f*m = o + 22. Let n be g(o). Calculate the highest common divisor of n and 12.
12
Let d = 4 - -6. Let i = 17 - d. What is the highest common factor of 63 and i?
7
Suppose -3*n + 10 = -4*c + 5*c, 4*n + 3*c = 20. Calculate the greatest common divisor of 2 and n.
2
Suppose 0 = 3*s + 5*l + 10, 4*l - 8*l = -5*s + 45. Calculate the greatest common factor of 55 and s.
5
Suppose d = 2 + 1. Suppose -100 = -d*m - m. What is the greatest common factor of m and 25?
25
Let b = -10 - -6. Let k(z) = 2*z**2 - 4*z - 8. Let t be k(b). What is the highest common divisor of t and 10?
10
Suppose -p - 1 = 0, 5*o - 12 + 0 = -3*p. Suppose o*k + 8 = 4*k. Let h be (-36)/(-16) - 2/k. What is the highest common divisor of h and 10?
2
Suppose 2*j = 2*k - 124, -5*k + 2*j + 0*j + 295 = 0. What is the highest common factor of 38 and k?
19
Let t be 6/(-24) - 2/(-8). Let f be (110/2)/(t - -1). Calculate the greatest common factor of f and 5.
5
Let l be 6/(-15) + 3 + (-1134)/(-10). Calculate the greatest common divisor of l and 4.
4
Let s(p) = p**3 + 10*p**2 - 4*p + 18. Let b be s(-9). What is the greatest common divisor of b and 27?
27
Suppose 4*n + 4 = 2*v + 2, -2*v + 2 = -n. Suppose 4*m + 6 = -n*m - 2*b, 5*m + b = 0. What is the highest common factor of m and 4?
1
Suppose 0 = d - 18 - 9. Let w be (-3)/2*(-18)/27 + 8. What is the highest common factor of d and w?
9
Let x = 514 - 289. Suppose x = t + 4*t. Calculate the greatest common divisor of 5 and t.
5
Let x be 2/(-11) + (-123)/(-11). Let a = x + -7. Let l(k) = 10*k. Let j be l(a). Calculate the highest common factor of j and 8.
8
Suppose -4*h + 8 + 4 = 0. Suppose 3*f + 27 = h*g, 2*g + 4*f - 4 = g. Let d = g - 5. What is the highest common divisor of d and 3?
3
Suppose -3*o - 3 = -4*o. What is the highest common factor of 2 and o?
1
Let z = -24 - -64. Let m be 1*41 - (1 - 3). Suppose 76 = 6*p - p - 4*o, -3*p + 5*o = -m. What is the highest common divisor of p and z?
8
Let l = 8 - -76. Suppose l - 5 = 5*b - 2*o, -5*b = 2*o - 71. Let u = b - 10. What is the greatest common factor of u and 15?
5
Let t(d) = 23*d**2 - 2. Let n be t(-2). Suppose m + 4 = 2. Let v be (m - -2) + 2*5. What is the greatest common factor of v and n?
10
Suppose 5*p = -17 + 152. Suppose -3*x + 2*x = -18. Calculate the highest common divisor of p and x.
9
Let d(t) = -t**3 - 3*t + 3. Let y be d(2). Let h = -10 - y. What is the highest common factor of 1 and h?
1
Suppose -2*v - 6 = -0*o + 5*o, -2*v - 6 = 3*o. Suppose -4*q - 4 = -o. Let r be (-1)/(q/10)*4. Calculate the highest common factor of 5 and r.
5
Let x = -6 + 6. Suppose 4*m + 4*d - 92 = 0, x = -3*m - 5*d + 75. What is the greatest common divisor of 30 and m?
10
Let u = -1 + 3. Let f(n) = -3*n**u + 3 + 2*n**2 + 7*n - 1. Let l be f(6). What is the highest common divisor of l and 24?
8
Let a(y) = y + 2 + 1 + y**2 + y. Let k(n) = -n**3 - 2*n**2 + 4*n. Let v be k(-3). Let b be a(v). What is the greatest common 